 is divided by o.
14
Suppose -r = 4*r + 5*w - 885, -w = 3*r - 527. Suppose 175 = 5*h - 3*g, 2*h + 3*h - r = -2*g. Calculate the remainder when h is divided by 9.
8
Let i = -48 + 207. Suppose i = 3*l + 5*c, 0*c - c = 3*l - 159. Calculate the remainder when l is divided by 28.
25
Let i(v) = -v**3 + 13*v**2 - 19*v - 2. Calculate the remainder when i(11) is divided by 22.
9
Let q = 21 + -45. Let b = 33 + q. Calculate the remainder when 11 is divided by b.
2
Let y = 1653 - 1529. What is the remainder when y is divided by 110?
14
Let y(o) = -o**3 + 18*o**2 - 16*o - 6. Suppose 2*z - u + 2*u = 60, 2*z - 52 = -5*u. What is the remainder when z is divided by y(17)?
9
Let t be -2 - (-11 + (-12)/(-4)). What is the remainder when 116 is divided by 182/t + 6/9 + -1?
26
Let g(u) = u**2 - 7*u + 9. Let p(w) = -w**3 - 7*w**2 - 8*w - 6. Let n be p(-6). What is the remainder when 11 is divided by g(n)?
2
Let b(m) = 7*m**2 + 44*m. Let y = -20 + 10. Let f(n) = n**3 + 11*n**2 + 9*n + 9. What is the remainder when b(-7) is divided by f(y)?
16
Suppose 5*u - 5 = 20, -4*y - 4*u = -1016. Calculate the remainder when y is divided by 50.
49
What is the remainder when 322 is divided by 14687/133 - 8/(-14) - 2?
104
Let l(h) = 5*h**3 - 1. Let t(s) = 21*s**3 + s**2 - s - 5. Let p(o) = 9*l(o) - 2*t(o). What is the remainder when 59 is divided by p(2)?
17
Suppose -x - 9*x + 1150 = 0. What is the remainder when 453 is divided by x?
108
Suppose 3*t + 0 = 2*r + 2, -5*t - r + 12 = 0. Let a = -168 - -199. What is the remainder when a is divided by 1/t + 30/4?
7
Suppose -695 = -7*v + 2*v. Calculate the remainder when v is divided by 31.
15
Let c be 90/(-18) - (-1 + -721). Suppose c = 5*x - 143. What is the remainder when x is divided by 35?
32
Suppose 44 = -3*g + 5*g - 4*b, -37 = -g + 5*b. Let h = -4 + g. What is the remainder when 53 is divided by -24*((-6)/h)/1?
17
Let z = 261 - 186. Let h = -16 + 46. Calculate the remainder when z is divided by h.
15
Let b = 41 + -25. What is the remainder when b is divided by 6?
4
Suppose -12 = -50*l + 54*l. What is the remainder when ((-48)/l)/(3/3) is divided by (-1 - -4)*(3 - 0)?
7
What is the remainder when 97 is divided by (37 - -3) + -7 + -2 + 8?
19
Suppose d - 78 = -2*d. Let v = d - 23. Suppose 4*m - 5 = v*m. What is the remainder when 18 is divided by m?
3
Let s = 1 - -1. Let o be s/(-5) + (-24)/15. Let r = o - -7. What is the remainder when 9 is divided by r?
4
Let r(b) = 2*b**2 - b - 7. Let u be r(5). Suppose 4*o = 2*o + u. Calculate the remainder when ((-1554)/105)/(-2*3/30) is divided by o.
17
Let t(d) = -2*d**3 + 11*d**2 + 4*d + 6. Let m be t(5). Suppose -n - 2*i = -m, 2*i - i = n - 63. Calculate the remainder when n is divided by 20.
19
Let s = 31 + 34. Suppose -4*t - s = -5*o, -2*o = -t - 16 - 10. Let h = 4580 - 4530. What is the remainder when h is divided by o?
11
Suppose -w + 96 = -5*b, -5*w - 2*b - b = -368. Suppose 2*u = -u + 48. What is the remainder when w is divided by u?
12
Suppose -7*h + 5585 = 2050. Calculate the remainder when h is divided by 102.
97
Let h(r) = 12*r - 2. Suppose -117 + 27 = -10*d. What is the remainder when h(3) is divided by d?
7
Let k(s) = -s**3 + 20*s**2 - 35*s + 28. What is the remainder when 98 is divided by k(18)?
6
Calculate the remainder when (-1 + 2)/((-4)/(-100)) is divided by 8.
1
Suppose 2*g - 318 = -5*f, -3*f - 130 = -5*f + 2*g. Calculate the remainder when 170 is divided by f.
42
Let w(t) = -2*t - 15. Calculate the remainder when 426 is divided by w(-13).
8
Let b(a) = 11*a + 357. What is the remainder when b(36) is divided by 54?
51
Let s(w) = -w**2 - 6*w - 1. Let n = -482 + 501. What is the remainder when n is divided by s(-4)?
5
Let c = -1051 - -1452. What is the remainder when c is divided by 58?
53
Suppose -14*o + 69 + 43 = 0. Calculate the remainder when 213 is divided by o.
5
Let i be 15 + ((-3)/(-1) - 1). Let j = i - -5. What is the remainder when 62 is divided by j?
18
Suppose 0 = 10*t - 146 - 94. Suppose 5*z + a = 46, 4*z = 2*a - 6*a + t. Calculate the remainder when z is divided by 9.
1
Let d(n) = -n**3 + 8*n**2 - 13*n + 30. What is the remainder when 36 is divided by d(6)?
12
Suppose -f - 110 = -3*f + 5*m, 2*f = -4*m + 146. Suppose -c = -5, -2*b - b + 5*c = -f. Calculate the remainder when 144 is divided by b.
24
Let m = 34 + -11. Suppose -487 + 337 = -10*b. Calculate the remainder when m is divided by b.
8
Let z(v) be the first derivative of 2*v**3/3 - v**2 - 10*v + 10. Let g be z(6). Let k = g - 36. Calculate the remainder when k is divided by 5.
4
Let l(t) = 32*t - 216. What is the remainder when l(8) is divided by (-6)/4*28/(-3)?
12
Suppose -4*p - 2*t = 74, -3*p = -t + 65 - 2. Let n = 22 + p. Suppose 0 = -4*v + l + 30, l + 5 - 3 = 0. Calculate the remainder when v is divided by n.
1
Suppose 0 = c + 3, 6*h - 4*h - 24 = -2*c. Suppose -2*f + 11 = -29. Suppose 3*i + 2*s = -79 + 260, -4*s + f = 0. Calculate the remainder when i is divided by h.
12
Suppose -3*r + 3*q + 36 = -0*q, -r + 24 = 2*q. What is the remainder when (-2)/(6/(-62)*(-10)/(-30)) is divided by r?
14
Let w = 356 + -309. What is the remainder when w is divided by 147/9 + 4/6?
13
Suppose -3*f + 38 = 5*q - 293, 2*f + q - 223 = 0. Let v be (-4)/12*0 + f. What is the remainder when 31 is divided by v/10 - (-1)/(-5)?
9
Let j be 7/(7/(-2)) + 2. Suppose -m + 5 + 6 = j. What is the remainder when ((-106)/3)/(2/(-3)) is divided by m?
9
Let b(a) = -a**2 + 13*a + 19. Calculate the remainder when b(10) is divided by ((-12)/(-24))/(2/68).
15
Let t(m) = 2*m**2 + 5*m - 1 - 5*m + m**3 - 4*m + 5*m. Let u = 68 - 3. Calculate the remainder when u is divided by t(2).
14
Suppose 2*u - 36 = -3*l, 18 = 3*l - u - 3*u. Suppose 21 = 2*k - f, 2*f + l = k + f. Calculate the remainder when k is divided by 7.
4
Let f be (-12)/9*3/(-1). Suppose f*n - 65 = -n. What is the remainder when 50 is divided by n?
11
Suppose -5*h - 12 = -82. What is the remainder when 419 is divided by h?
13
Calculate the remainder when 91 is divided by 2*14/(-8)*(-32)/7.
11
Suppose 126 = p + 5*c, -2*c - 17 + 7 = 0. Calculate the remainder when p is divided by 22.
19
Suppose 5*h = -2*g + 247, 4*h - 15*g + 17*g - 198 = 0. Calculate the remainder when 1614 is divided by h.
46
Let m(i) = 440*i - 85. Calculate the remainder when m(1) is divided by 24.
19
Let j = -356 + 363. What is the remainder when 69 is divided by j?
6
Suppose 2*j + 2*f = j + 55, -254 = -5*j - 3*f. Suppose 142 = 6*c - c + 3*x, 98 = 3*c + 5*x. What is the remainder when j is divided by c?
23
Suppose -5*b + 4*s + 1450 = 0, -3*b + 2*s = -8*b + 1420. What is the remainder when b is divided by 36?
34
Let o(m) = -2*m + 58. Calculate the remainder when 20 is divided by o(23).
8
Let r(d) = d**3 - 13*d**2 + 5*d - 19. Let o be r(13). Suppose 2*w + 2*w = 2*j - o, 73 = 3*j - 4*w. What is the remainder when j is divided by 10?
7
Suppose 2*n = -165 + 57. Suppose 466 - 40 = 3*w. Let r = w + n. What is the remainder when r is divided by 13?
10
Let j(y) be the third derivative of 7*y**4/24 + 19*y**3/3 + 27*y**2. Suppose 3*s + 2 = 4*z, -5*s + 19 = z + 7. What is the remainder when j(-5) is divided by z?
1
Suppose i + 20 = 5*i. Suppose 2*t - i*n = 129, 7*t = 4*t - 4*n + 159. Calculate the remainder when t is divided by 15.
12
Suppose -t + 649 = -157*c + 161*c, -501 = -3*c + 4*t. Calculate the remainder when c is divided by 24.
19
Calculate the remainder when 11 + -5 + 111 - 6 is divided by 20.
11
Suppose 0 = -5*v + v + 32. Suppose -12 = -5*y + v. Suppose 6*w = 65 + 37. What is the remainder when w is divided by y?
1
Suppose -f + 10 = 1. Calculate the remainder when 15/(-3 - 2) - 6/((-60)/550) is divided by f.
7
Suppose 2*b = y - 53, -7*y + 2*y - 2*b = -265. Calculate the remainder when 684 is divided by y.
48
Let s(r) = 14*r + 442. What is the remainder when s(-17) is divided by 106?
98
Let k(u) = 2*u**2 - 16*u + 13. Let n(f) = -27*f. Calculate the remainder when k(10) is divided by n(-1).
26
Let m(x) = 149*x + 1. Let w be m(-3). Calculate the remainder when 3/(-15) - w/5 is divided by (-14)/(-7) - (126/(-2))/3.
20
Calculate the remainder when 1/(1 + 56/(-58)) is divided by (-1551)/(-141) - ((-8)/(-4) - (-1 + 0)).
5
What is the remainder when 57 - (4 + (2 + 2 - 2)) is divided by 22?
7
Let g(t) = t + 1. Let v be 3/2*4/3.